ime factors of 3294734.
2, 311, 5297
What are the prime factors of 320454?
2, 3, 19, 937
List the prime factors of 5701676.
2, 379, 3761
List the prime factors of 269079.
3, 257, 349
What are the prime factors of 832986?
2, 3, 7, 11, 601
What are the prime factors of 13230464?
2, 13, 7951
List the prime factors of 4530904.
2, 7, 80909
List the prime factors of 7959107.
13, 37, 16547
What are the prime factors of 120580?
2, 5, 6029
List the prime factors of 5617590.
2, 3, 5, 11, 29, 587
List the prime factors of 1566696.
2, 3, 29, 2251
What are the prime factors of 847048?
2, 113, 937
List the prime factors of 610374.
2, 3, 23, 4423
List the prime factors of 12501919.
17, 89, 8263
What are the prime factors of 455131?
67, 6793
What are the prime factors of 2639?
7, 13, 29
What are the prime factors of 90097?
7, 61, 211
List the prime factors of 338079.
3, 7, 17, 947
What are the prime factors of 1689663?
3, 311, 1811
List the prime factors of 22998121.
22998121
What are the prime factors of 65303?
7, 19, 491
What are the prime factors of 858739?
7, 67, 1831
List the prime factors of 1804428.
2, 3, 50123
What are the prime factors of 1754868?
2, 3, 146239
What are the prime factors of 306559?
11, 29, 31
What are the prime factors of 16721375?
5, 11, 12161
What are the prime factors of 327047?
7, 19, 2459
What are the prime factors of 703320?
2, 3, 5, 5861
List the prime factors of 7756422.
2, 3, 1292737
List the prime factors of 734149.
13, 56473
List the prime factors of 385805.
5, 7, 73, 151
List the prime factors of 97582.
2, 97, 503
List the prime factors of 726510.
2, 3, 5, 61, 397
List the prime factors of 13372079.
7, 1910297
What are the prime factors of 5256771?
3, 13, 134789
List the prime factors of 22530314.
2, 19, 592903
What are the prime factors of 10225086?
2, 3, 1704181
List the prime factors of 19272.
2, 3, 11, 73
List the prime factors of 3992098.
2, 11, 181459
List the prime factors of 1158380.
2, 5, 17, 3407
What are the prime factors of 1757765?
5, 317, 1109
What are the prime factors of 105015?
3, 5, 7001
List the prime factors of 8137651.
8137651
List the prime factors of 579916.
2, 113, 1283
List the prime factors of 1657490.
2, 5, 165749
List the prime factors of 2783169.
3, 309241
List the prime factors of 2196147.
3, 193, 3793
List the prime factors of 338491.
23, 14717
List the prime factors of 5732403.
3, 463, 4127
What are the prime factors of 904447?
61, 14827
List the prime factors of 506086.
2, 7, 37, 977
What are the prime factors of 604211?
113, 5347
List the prime factors of 4243077.
3, 29, 5419
List the prime factors of 499936.
2, 17, 919
List the prime factors of 278959.
71, 3929
What are the prime factors of 6836180?
2, 5, 13, 26293
What are the prime factors of 153356?
2, 7, 5477
What are the prime factors of 52756?
2, 11, 109
List the prime factors of 499398.
2, 3, 83233
What are the prime factors of 133472?
2, 43, 97
List the prime factors of 3796772.
2, 7, 135599
List the prime factors of 2043670.
2, 5, 204367
What are the prime factors of 129695?
5, 25939
What are the prime factors of 239479?
17, 14087
What are the prime factors of 2080469?
43, 48383
List the prime factors of 1508017.
7, 211, 1021
What are the prime factors of 2968780?
2, 5, 148439
List the prime factors of 475436.
2, 13, 41, 223
List the prime factors of 147991.
19, 7789
What are the prime factors of 23389846?
2, 37, 79, 4001
List the prime factors of 7028815.
5, 127, 11069
List the prime factors of 644629.
644629
List the prime factors of 366772.
2, 7, 13099
What are the prime factors of 2462114?
2, 79, 15583
List the prime factors of 16154161.
19, 571, 1489
List the prime factors of 37035.
3, 5, 823
List the prime factors of 154417.
154417
List the prime factors of 28606.
2, 14303
List the prime factors of 10210233.
3, 11, 29, 47, 227
List the prime factors of 337966.
2, 29, 5827
What are the prime factors of 1678400?
2, 5, 1049
List the prime factors of 11263213.
13, 293, 2957
List the prime factors of 4685899.
223, 21013
What are the prime factors of 7076615?
5, 7, 13, 103, 151
List the prime factors of 8263961.
8263961
List the prime factors of 43647.
3, 14549
What are the prime factors of 3267101?
89, 36709
List the prime factors of 2395773.
3, 31, 277
List the prime factors of 262042.
2, 11, 43, 277
List the prime factors of 334910.
2, 5, 107, 313
What are the prime factors of 680353?
680353
List the prime factors of 79287.
3, 13, 19, 107
What are the prime factors of 2556225?
3, 5, 7, 541
List the prime factors of 1970246.
2, 59, 283
What are the prime factors of 4682844?
2, 3, 130079
List the prime factors of 3443648.
2, 13, 4139
What are the prime factors of 192833?
192833
List the prime factors of 1382194.
2, 11, 62827
List the prime factors of 18010243.
18010243
What are the prime factors of 10149319?
1087, 9337
List the prime factors of 2578513.
7, 368359
What are the prime factors of 730580?
2, 5, 36529
List the prime factors of 10414468.
2, 2603617
What are the prime factors of 616974?
2, 3, 102829
What are the prime factors of 3363693?
3, 1121231
What are the prime factors of 1526806?
2, 763403
List the prime factors of 636183.
3, 70687
What are the prime factors of 91318?
2, 45659
List the prime factors of 245860.
2, 5, 19, 647
List the prime factors of 7493066.
2, 7, 535219
List the prime factors of 402961.
13, 139, 223
List the prime factors of 1720383.
3, 7, 17, 61, 79
What are the prime factors of 194690?
2, 5, 19469
What are the prime factors of 13963439?
7, 1994777
What are the prime factors of 3134426?
2, 17, 92189
What are the prime factors of 6329467?
151, 167, 251
What are the prime factors of 1704165?
3, 5, 17, 41, 163
What are the prime factors of 8880706?
2, 79, 56207
What are the prime factors of 538768?
2, 151, 223
List the prime factors of 291998.
2, 7, 20857
List the prime factors of 24478268.
2, 229, 26723
What are the prime factors of 13580999?
127, 106937
List the prime factors of 954497.
954497
What are the prime factors of 37857773?
977, 38749
List the prime factors of 1609928.
2, 53, 3797
What are the prime factors of 7061890?
2, 5, 11, 43, 1493
List the prime factors of 971299.
7, 19, 67, 109
List the prime factors of 14903606.
2, 47, 331, 479
What are the prime factors of 3975226?
2, 151, 13163
List the prime factors of 24671981.
17, 43, 33751
What are the prime factors of 6294498?
2, 3, 7, 73, 2053
List the prime factors of 6438487.
11, 585317
List the prime factors of 85835.
5, 17167
What are the prime factors of 32350?
2, 5, 647
What are the prime factors of 2707122?
2, 3, 11, 41017
What are the prime factors of 2260238?
2, 53, 21323
What are the prime factors of 372171?
3, 131, 947
What are the prime factors of 12225328?
2, 23, 139, 239
What are the prime factors of 24006441?
3, 79, 101293
List the prime factors of 1863670.
2, 5, 227, 821
List the prime factors of 75600.
2, 3, 5, 7
List the prime factors of 1235923.
13, 95071
List the prime factors of 230146.
2, 7, 17, 967
List the prime factors of 6207555.
3, 5, 73, 5669
What are the prime factors of 6899866?
2, 43, 80231
List the prime factors of 2021869.
167, 12107
List the prime factors of 29065508.
2, 163, 44579
What are the prime factors of 533197?
7, 19, 211
What are the prime factors of 114167?
114167
List the prime factors of 11192063.
47, 53, 4493
What are the prime factors of 563130?
2, 3, 5, 6257
What are the prime factors of 13335667?
17, 784451
What are the prime factors of 11489738?
2, 13, 441913
What are the prime factors of 136195?
5, 27239
List the prime factors of 550983.
3, 183661
What are the prime factors of 10008920?
2, 5, 17, 41, 359
List the prime factors of 1210220.
2, 5, 11, 5501
List the prime factors of 4114361.
349, 11789
What are the prime factors of 720616?
2, 13, 41
What are the prime factors of 1691684?
2, 19, 22259
List the prime factors of 1270207.
19, 66853
List the prime factors of 322004.
2, 79, 1019
List the prime factors of 510821.
197, 2593
What are the prime factors of 306079?
307, 997
List the prime factors of 469526.
2, 31, 7573
List the prime factors of 63869.
13, 17
What are the prime factors of 1539949?
197, 7817
What are the prime factors of 766724?
2, 7, 139, 197
List the prime factor